?
False
Let a(w) = w**3 + 44*w**2 + 26*w - 43. Is a(-22) composite?
True
Let l = 24478 + -6784. Suppose 0 = 7*z - z - l. Is z a composite number?
True
Suppose -5186 = -3*o + m - 6*m, -m - 8690 = -5*o. Suppose o = 8*d - 5*d. Is d composite?
True
Let v(i) = 3*i**3 - 14*i**2 - 2*i + 1. Is v(14) a composite number?
True
Let d = -4970 + 10668. Suppose 5*m - d = 6747. Is m a composite number?
True
Let f(v) = -8*v**2 - 3*v - 1. Let k be f(-1). Let y be (-14)/k - (-4)/(-12). Suppose 2*q + y*z = 232, -2*q = -q - 3*z - 124. Is q a composite number?
True
Let l be 7/3 - (-2)/3. Let b(i) be the third derivative of i**5/5 - i**4/8 - 2*i**3/3 + 117*i**2. Is b(l) a composite number?
True
Suppose 20 = 2*i + 2*i, -2*r - 2*i + 2578 = 0. Let o = r + -379. Is o prime?
False
Let t = -89 - 58. Let j = 580 + -918. Let s = t - j. Is s a prime number?
True
Let d = -110 + 225. Is d composite?
True
Suppose 59*k - 57*k - 3*d - 67979 = 0, -3*k = 5*d - 102016. Is k prime?
True
Let o = 85169 - 58776. Is o a composite number?
False
Let g(j) = -10*j**2 - 3*j + 13. Let n be g(10). Let o = 232 - n. Is o a prime number?
True
Let u(f) = 41*f**3 - 3*f**2 + 4*f - 3. Suppose -5*o + o + 8 = 0. Is u(o) a prime number?
False
Suppose -2*s + 53590 = -4*k, -2*s + 38942 + 14663 = k. Is s prime?
True
Let f(i) = i**3 + 14*i**2 + 17*i + 23. Let v be f(-12). Let p = -18 + v. Suppose -68 - p = -q. Is q a composite number?
False
Suppose 0 = -217*v + 219*v - 25022. Is v a composite number?
False
Suppose 2*b + 1 - 11 = 0. Suppose 2 = 2*w, -2*p + 1 + 0 = -b*w. Suppose -327 = -p*z + 336. Is z prime?
False
Suppose -5*r - i + 145824 + 32817 = 0, 0 = 4*i + 16. Is r composite?
False
Let p(j) = -4361*j - 15. Is p(-4) composite?
True
Let v(l) = -3 + 5*l + 4 - l**3 - 4 + l + 4*l**2. Let b be v(5). Suppose -n - 418 = -b*u - 5*n, 2*n - 4 = 0. Is u a composite number?
True
Suppose 5*a - 4*k = 10475, -3021 - 3286 = -3*a - 2*k. Is a composite?
False
Let j(x) = 17*x**2 - 38*x + 240. Is j(23) composite?
True
Suppose 0 = -9*b + 3179 + 2095. Is b composite?
True
Suppose a = -a - 3*z + 5, -5*a + 2*z = 16. Let c(v) = -12*v**3 + 2*v**2 + 2*v + 1. Let h be c(a). Suppose -h = -u + 60. Is u prime?
False
Let g = 125 + 3290. Is g composite?
True
Suppose -4*x - 2 + 10 = 0. Let i be 3*(-2 + 5) - x. Let n(u) = 25*u + 12. Is n(i) a prime number?
False
Let g(v) be the third derivative of -2*v**4 + 19*v**3/6 + 6*v**2. Is g(-4) prime?
True
Suppose -22*c + 1295 = -597. Is c a composite number?
True
Is 2348/(-2)*1/(-2) a composite number?
False
Suppose 64 = -4*c + 4*b, 5 = 4*c + 2*b + 69. Let s be 24/c*228/(-9). Let p = 96 - s. Is p a composite number?
True
Let l be 1 - 1*(3 + 1). Let t(x) = 26*x**2 - 2*x + 1. Let g be t(l). Let v = 400 - g. Is v a composite number?
True
Let x be (4*-3)/(3/51). Let r be 4 - (-7)/((-21)/x). Suppose t + 3*t - 280 = -4*m, m - r = -3*t. Is m a composite number?
True
Let k be (1 + 0)/((-2)/(-28)). Let w(n) = 99*n + 206. Let q be w(-2). Let t = k + q. Is t a composite number?
True
Let v be (-1 + -1)*20/(-8). Suppose 0 = -x - x + 46. Suppose 3*h = -v + x. Is h a prime number?
False
Suppose 7*c = 12*c - 21060. Let z = 5978 - c. Suppose 0 = 8*t - z + 502. Is t composite?
True
Let d(r) = 12*r - 25. Let c(x) = 3*x**2 - 5*x + 5. Let i be c(3). Is d(i) composite?
False
Let w = -22 - 92. Let o = w - -171. Let v = o + 65. Is v a prime number?
False
Let p = 13103 - 5974. Is p prime?
True
Let f(n) = -4*n - 9. Let g be f(-23). Suppose 5*z = 4*z - 51. Let j = g - z. Is j composite?
True
Suppose 2 = 5*t - 0*n + 2*n, -10 = 5*t + 5*n. Suppose -2*j + 29 = 5*b + 128, -b + 93 = -t*j. Let v = j + 270. Is v a prime number?
True
Let m be 22/10 - 3/15. Suppose -5*b + d - 302 = 0, m*b - d - 2*d = -126. Let z = -37 - b. Is z composite?
False
Let p(b) = 766*b - 513. Is p(14) prime?
True
Suppose -4*n = -4*x + n - 801, 2*n + 396 = -2*x. Let r = 228 + -330. Let q = r - x. Is q a composite number?
False
Suppose 0 = 3*m + 4*f - 2733, -2*m - 4*f = -f - 1821. Let p be (-4)/(-18) + (-16136)/36. Let h = m + p. Is h a prime number?
True
Is (10/15)/((-8)/(-58452)) a composite number?
False
Suppose 0 = 2*o - 5*u - 23, -7*u - 1 = 2*o - 4*u. Suppose 9*x - o*x - 1465 = 0. Is x a composite number?
False
Let h = 30259 + 16828. Is h a composite number?
False
Let p(k) = -k**3 + k**2 - 13*k - 10. Let i(d) = 10*d + 1. Let q be i(-1). Is p(q) a prime number?
False
Suppose 257 = z - 4*w - 392, -2*z + 1303 = -3*w. Is z a composite number?
False
Let m(o) = 22 + 19*o**2 + 5 - 10 - 2*o. Is m(-8) a prime number?
True
Let y be (-95)/(-2)*(-4)/(-5). Let z = y + 44. Is z a prime number?
False
Let x be 3 + (2 - 6) - -3. Suppose 4*c - 930 = -x*j, -311 = -c + 3*j - 75. Is c a prime number?
True
Is -1 - (-809 - (-2)/2) prime?
False
Let u(l) = l**2 - 10*l - 4. Let x be u(10). Let j be ((-9)/x)/((-3)/376). Let g = 421 + j. Is g composite?
False
Let g = 20254 + -7548. Is g a composite number?
True
Let b be (-21)/(-3) - 30/6. Suppose -4*f = j - 2*f - 925, -b*j - 3*f = -1848. Is j a prime number?
False
Let g = 43 - 167. Suppose -t + n - 2 + 9 = 0, -3*n - 3 = 3*t. Is t/(-12)*1*g a prime number?
True
Let n(m) = -119*m + 7. Let x be n(5). Let u = -95 - x. Let y = -200 + u. Is y a composite number?
False
Let y(p) = p**3 - 25*p**2 - 4*p + 30. Let i be y(-14). Is i/(-6) - 11/(99/6) a prime number?
True
Suppose 4*g - 926 = 2*a, 2*g + a = 3*g - 234. Let h = -116 + g. Suppose 2*w + 3*b = 8*b + h, -5*w = -b - 248. Is w prime?
False
Suppose 0 = -10*q + 4*q + 37770. Is q a composite number?
True
Let z(r) = -r**2 + r + 1. Let j(u) = -43*u**2 - 6*u + 15. Let m(q) = j(q) - 5*z(q). Let p(o) be the first derivative of m(o). Is p(-9) a composite number?
False
Let z be 7613/23 + (1 - 0). Suppose r - z - 135 = -4*q, q = -3*r + 1434. Is r composite?
False
Suppose 5*p + 2 - 2657 = 0. Suppose -4*n + p = 2727. Let l = n + 848. Is l a composite number?
True
Suppose -371 = 2*n + 4*f - 2951, -2*n = 2*f - 2574. Suppose -3*o + n = -0*o. Suppose 5*h + d = o, -3*d + 64 + 115 = 2*h. Is h composite?
True
Let l(c) = -c**2 - 33*c + 9. Is l(-5) a composite number?
False
Suppose 2*x - 5*h = -0*x + 571, -h - 1169 = -4*x. Is x a composite number?
False
Let y be (2 + 1)*(-4)/(-12). Let v be y*(0 + 0 - 50). Let s = v - -99. Is s composite?
True
Let p = 4 + -7. Let v be ((-2118)/(-4))/p*2. Let w = 18 - v. Is w a composite number?
True
Is 6/(-8 - 4)*(-55186 + 0) prime?
False
Suppose -5*x - 30010 = -5*g, -6 = -2*x + 4. Is g prime?
True
Let o = 13 + -20. Let c be ((-1)/(-2))/(o/(-4410)). Suppose -3*q = -b + 154, -b - q = b - c. Is b prime?
True
Suppose 3*m - m = -4*n + 3590, -5*n + 7180 = 4*m. Is m a prime number?
False
Suppose -3*u = -5*y + 9355, 6*u - 5*u - 3*y = -3121. Let m = u - -4374. Is m prime?
True
Let q(x) = 27 - 14*x - 79*x - 22. Let v be q(-5). Suppose -n + v = 3*k, 3*n - 166 - 616 = -5*k. Is k composite?
False
Let c = 1 - 1. Suppose c*x + 4*x = 8. Suppose 3*a = x*f - 670 - 6, -3*a = 5*f - 1669. Is f prime?
False
Suppose 560*x = 566*x - 62346. Is x prime?
True
Let f = 12211 + -114. Is f prime?
True
Let y(f) = -737*f + 2. Is y(-1) prime?
True
Let n be 9/(-3) + 5 - -2. Suppose 5*f - 3*w = -1436, 4*w = -9*f + n*f - 1457. Let b = -90 - f. Is b composite?
False
Let g(y) = 3*y**2 - 2*y - 1. Let v be g(-1). Suppose -4*b = 4, -w - 21 = -v*w + 3*b. Is w/(-4) - 693/(-18) a composite number?
False
Let t = 47 - 23. Suppose 2*k = t - 2. Suppose -k*v + 16*v = 95. Is v a prime number?
True
Let b be 1*-1 + (-13 - -16). Suppose 0 = b*q + 3*q + 485. Let l = q + 266. Is l prime?
False
Suppose c = -5*d + 5, 3*d + 19 = -6*c + c. Let k be (2 - (3 + -4)) + d. Suppose -18 - 30 = -2*g + 5*p, -k*p = -g + 34. Is g composite?
True
Let k(u) = 19*u**2 - 4*u - 4. Let f = 11 + -7. Let l be k(f). Suppose 0 = 4*o - 192 - l. Is o a composite number?
True
Let t = -742 - -2219. Is t a prime number?
False
Let p(q) = q**3 + 2*q**2 - 3*q + 2. Let w be p(-3). Suppose -2*u - g = -6*u + 1422, -2*g - 714 = -w*u. Is u prime?
False
Let j = 25 + -15. Let l(i) = 11*i**2 - 7*i + 3. Let f be l(j). Let p = f + -652. Is p a composite number?
True
Suppose d - 2 = -d - 5*j, -2*d = 2*j - 2. Is ((-262)/2)/(d - (0 + 2)) prime?
True
Suppose 0 = 6*w - 7*w + 13. Suppose n + t - w = 3*t, -5*t = 25. Suppose 5*h - 4*j - 2049 = 0, 5*j = h - n*h + 846. Is h pri